4?
2, 3, 10771
What are the prime factors of 770636?
2, 37, 41, 127
What are the prime factors of 559847?
37, 15131
What are the prime factors of 6364377?
3, 707153
List the prime factors of 7733594.
2, 11, 31957
What are the prime factors of 263883?
3, 87961
List the prime factors of 895453.
13, 68881
What are the prime factors of 17843019?
3, 79, 953
What are the prime factors of 6481177?
6481177
List the prime factors of 1667194.
2, 833597
What are the prime factors of 405630?
2, 3, 5, 4507
What are the prime factors of 2259909?
3, 293, 857
What are the prime factors of 1921856?
2, 30029
List the prime factors of 732658.
2, 366329
What are the prime factors of 2858550?
2, 3, 5, 17, 19, 59
List the prime factors of 76566.
2, 3, 7, 1823
What are the prime factors of 1679253?
3, 23, 24337
List the prime factors of 19593.
3, 7, 311
What are the prime factors of 912198?
2, 3, 7, 37, 587
List the prime factors of 1987117.
11, 180647
What are the prime factors of 70349?
103, 683
What are the prime factors of 569712?
2, 3, 11, 13, 83
What are the prime factors of 18556932?
2, 3, 61, 101, 251
List the prime factors of 1924182.
2, 3, 13, 2741
List the prime factors of 5786653.
1753, 3301
What are the prime factors of 3403488?
2, 3, 11, 293
List the prime factors of 889196.
2, 7, 11, 2887
What are the prime factors of 172651?
41, 4211
List the prime factors of 2941812.
2, 3, 27239
List the prime factors of 371484.
2, 3, 17, 607
List the prime factors of 1433425.
5, 7, 8191
List the prime factors of 7111.
13, 547
What are the prime factors of 173638?
2, 17, 5107
What are the prime factors of 11242714?
2, 7, 101, 7951
What are the prime factors of 519380?
2, 5, 25969
List the prime factors of 234741.
3, 13, 463
What are the prime factors of 552578?
2, 13, 53, 401
List the prime factors of 215583.
3, 71861
What are the prime factors of 6377430?
2, 3, 5, 47, 4523
List the prime factors of 3829731.
3, 241, 5297
List the prime factors of 814850.
2, 5, 43, 379
List the prime factors of 214534.
2, 67, 1601
What are the prime factors of 176360?
2, 5, 4409
List the prime factors of 655217.
643, 1019
What are the prime factors of 15074988?
2, 3, 17, 73897
What are the prime factors of 32493?
3, 10831
What are the prime factors of 2316343?
2316343
What are the prime factors of 5053426?
2, 7, 360959
What are the prime factors of 3351393?
3, 372377
What are the prime factors of 671699?
7, 95957
What are the prime factors of 4997243?
4997243
What are the prime factors of 355846?
2, 181, 983
What are the prime factors of 4193490?
2, 3, 5, 7, 19, 1051
List the prime factors of 825040.
2, 5, 10313
List the prime factors of 13573716.
2, 3, 13, 87011
What are the prime factors of 1272052?
2, 163, 1951
What are the prime factors of 15624771?
3, 53, 98269
List the prime factors of 15347294.
2, 17, 31, 14561
List the prime factors of 212023.
7, 4327
What are the prime factors of 143148?
2, 3, 79, 151
List the prime factors of 5446240.
2, 5, 34039
List the prime factors of 1067795.
5, 31, 83
What are the prime factors of 2279422?
2, 37, 30803
What are the prime factors of 15561889?
7, 67, 33181
What are the prime factors of 2413631?
11, 59, 3719
What are the prime factors of 43363966?
2, 19, 263, 4339
List the prime factors of 4321963.
223, 19381
List the prime factors of 250516.
2, 7, 23, 389
List the prime factors of 67663.
71, 953
List the prime factors of 10221445.
5, 13, 157253
What are the prime factors of 1505472?
2, 3, 7841
What are the prime factors of 618176?
2, 13, 743
List the prime factors of 950058.
2, 3, 47, 1123
What are the prime factors of 249562?
2, 124781
List the prime factors of 5029166.
2, 1451, 1733
What are the prime factors of 1594667?
67, 23801
List the prime factors of 337529.
337529
List the prime factors of 292453.
7, 41, 1019
What are the prime factors of 751446?
2, 3, 109, 383
What are the prime factors of 1541206?
2, 43, 17921
What are the prime factors of 7625147?
43, 383, 463
What are the prime factors of 6182395?
5, 1236479
List the prime factors of 15017924.
2, 1187, 3163
List the prime factors of 69289.
11, 6299
List the prime factors of 794356.
2, 198589
List the prime factors of 3243582.
2, 3, 79, 2281
What are the prime factors of 612837?
3, 149, 457
List the prime factors of 176933.
176933
List the prime factors of 38727254.
2, 241, 80347
List the prime factors of 9263962.
2, 83, 55807
List the prime factors of 159816.
2, 3, 6659
What are the prime factors of 829055?
5, 165811
List the prime factors of 4078095.
3, 5, 7, 38839
What are the prime factors of 9584592?
2, 3, 199679
List the prime factors of 649274.
2, 324637
List the prime factors of 347504.
2, 37, 587
List the prime factors of 11713972.
2, 127, 23059
List the prime factors of 8087339.
13, 622103
List the prime factors of 624522.
2, 3, 104087
What are the prime factors of 214354?
2, 7, 61, 251
List the prime factors of 21627568.
2, 491, 2753
What are the prime factors of 19616?
2, 613
What are the prime factors of 1115442?
2, 3, 31, 1999
List the prime factors of 339594.
2, 3, 56599
List the prime factors of 11393640.
2, 3, 5, 31649
List the prime factors of 14188641.
3, 4729547
What are the prime factors of 110878?
2, 55439
What are the prime factors of 3836374?
2, 31, 43, 1439
What are the prime factors of 23154572?
2, 7, 311, 2659
What are the prime factors of 434242?
2, 217121
List the prime factors of 401913.
3, 44657
What are the prime factors of 359022?
2, 3, 53, 1129
List the prime factors of 26262791.
26262791
List the prime factors of 8227489.
8227489
List the prime factors of 101405.
5, 17, 1193
List the prime factors of 519271.
23, 107, 211
What are the prime factors of 5065206?
2, 3, 844201
List the prime factors of 11338100.
2, 5, 113381
What are the prime factors of 437220?
2, 3, 5, 7, 347
List the prime factors of 1504813.
1504813
What are the prime factors of 196298?
2, 61, 1609
What are the prime factors of 48677?
48677
What are the prime factors of 667977?
3, 222659
List the prime factors of 104415.
3, 5, 6961
What are the prime factors of 22173994?
2, 89, 347, 359
List the prime factors of 1429974.
2, 3, 7, 13, 97
What are the prime factors of 208569?
3, 37, 1879
What are the prime factors of 70077?
3, 7, 47, 71
List the prime factors of 2007061.
7, 29, 9887
List the prime factors of 1831210.
2, 5, 149, 1229
List the prime factors of 16315100.
2, 5, 163151
List the prime factors of 129178.
2, 7, 9227
What are the prime factors of 560617?
560617
List the prime factors of 1004181.
3, 334727
List the prime factors of 6380.
2, 5, 11, 29
List the prime factors of 313215.
3, 5, 7, 19, 157
What are the prime factors of 4920016?
2, 61, 71
What are the prime factors of 558745?
5, 11, 10159
List the prime factors of 252290.
2, 5, 25229
What are the prime factors of 1199127?
3, 41, 9749
List the prime factors of 798404.
2, 199601
What are the prime factors of 1760689?
7, 251527
List the prime factors of 40143.
3, 13381
List the prime factors of 8549820.
2, 3, 5, 71, 223
What are the prime factors of 774249?
3, 7, 23, 229
What are the prime factors of 17583810?
2, 3, 5, 53, 11059
List the prime factors of 548126.
2, 53, 5171
What are the prime factors of 683921?
7, 41, 2383
List the prime factors of 303938.
2, 151969
What are the prime factors of 22351377?
3, 23, 323933
What are the prime factors of 21900023?
2203, 9941
List the prime factors of 2623514.
2, 29, 45233
List the prime factors of 322634.
2, 13, 12409
What are the prime factors of 24204?
2, 3, 2017
What are the prime factors of 873507?
3, 291169
What are the prime factors of 850482?
2, 3, 37, 1277
What are the prime factors of 177950?
2, 5, 3559
List the prime factors of 8871787.
83, 89, 1201
What are the prime factors of 847457?
13, 19, 47, 73
List the prime factors of 1754706.
2, 3, 17, 17203
What are the prime factors of 220765?
5, 67, 659
What are the prime factors of 1533664?
2, 11, 4357
What are the prime factors of 35880349?
35880349
What are the prime factors of 563529?
3, 187843
What are the prime factors of 3001419?
3, 333491
List the prime factors of 27137606.
2, 79, 171757
List the prime factors of 1375954.
2, 687977
List the prime factors of 13740277.
13740277
List the prime factors o